mainder when 5447 is divided by 2717.
13
Calculate the remainder when 1914 is divided by 468.
42
What is the remainder when 548531 is divided by 36?
35
What is the remainder when 22717 is divided by 614?
613
What is the remainder when 69095 is divided by 151?
88
What is the remainder when 59110 is divided by 2188?
34
Calculate the remainder when 4859 is divided by 1224.
1187
What is the remainder when 57563 is divided by 468?
467
What is the remainder when 94484 is divided by 52?
0
What is the remainder when 1302 is divided by 477?
348
What is the remainder when 10159 is divided by 350?
9
What is the remainder when 11969 is divided by 1089?
1079
Calculate the remainder when 48531 is divided by 3033.
3
What is the remainder when 3159 is divided by 94?
57
Calculate the remainder when 5423 is divided by 1079.
28
What is the remainder when 8550 is divided by 105?
45
Calculate the remainder when 103987 is divided by 34630.
97
What is the remainder when 668228 is divided by 10?
8
What is the remainder when 131154 is divided by 18734?
16
What is the remainder when 1058 is divided by 53?
51
Calculate the remainder when 1288 is divided by 256.
8
Calculate the remainder when 10065 is divided by 925.
815
What is the remainder when 55437 is divided by 112?
109
Calculate the remainder when 218937 is divided by 77.
26
What is the remainder when 3098158 is divided by 39?
37
Calculate the remainder when 25040 is divided by 3538.
274
What is the remainder when 3388 is divided by 9?
4
Calculate the remainder when 5928 is divided by 76.
0
What is the remainder when 27503 is divided by 6?
5
Calculate the remainder when 201903 is divided by 55.
53
Calculate the remainder when 71419 is divided by 54.
31
What is the remainder when 3500 is divided by 85?
15
What is the remainder when 112882 is divided by 224?
210
What is the remainder when 226410 is divided by 2904?
2802
Calculate the remainder when 3307 is divided by 82.
27
Calculate the remainder when 249307 is divided by 27697.
34
What is the remainder when 1892249 is divided by 91?
86
Calculate the remainder when 46707 is divided by 46705.
2
What is the remainder when 9432 is divided by 4048?
1336
What is the remainder when 45377 is divided by 20?
17
Calculate the remainder when 7877 is divided by 48.
5
Calculate the remainder when 87763 is divided by 1253.
53
Calculate the remainder when 92038 is divided by 120.
118
What is the remainder when 140462 is divided by 1653?
1610
Calculate the remainder when 650 is divided by 10.
0
Calculate the remainder when 31726 is divided by 308.
2
Calculate the remainder when 9780 is divided by 8649.
1131
What is the remainder when 2399 is divided by 796?
11
What is the remainder when 539 is divided by 197?
145
Calculate the remainder when 548 is divided by 54.
8
Calculate the remainder when 1398 is divided by 565.
268
Calculate the remainder when 15208 is divided by 78.
76
What is the remainder when 468 is divided by 290?
178
What is the remainder when 448 is divided by 447?
1
Calculate the remainder when 705765 is divided by 41.
32
Calculate the remainder when 17110 is divided by 44.
38
Calculate the remainder when 746 is divided by 25.
21
What is the remainder when 14987 is divided by 7368?
251
Calculate the remainder when 32561 is divided by 440.
1
What is the remainder when 3144696 is divided by 130?
126
What is the remainder when 64676 is divided by 137?
12
What is the remainder when 98066 is divided by 374?
78
Calculate the remainder when 27976 is divided by 13983.
10
What is the remainder when 266782 is divided by 56?
54
Calculate the remainder when 18330 is divided by 160.
90
What is the remainder when 3221 is divided by 407?
372
What is the remainder when 45386 is divided by 329?
313
Calculate the remainder when 55355 is divided by 23.
17
Calculate the remainder when 41766 is divided by 13906.
48
What is the remainder when 455291 is divided by 381?
377
Calculate the remainder when 1284 is divided by 108.
96
What is the remainder when 8769 is divided by 16?
1
What is the remainder when 35568 is divided by 363?
357
What is the remainder when 993 is divided by 208?
161
What is the remainder when 2989 is divided by 2869?
120
Calculate the remainder when 564 is divided by 27.
24
Calculate the remainder when 3218 is divided by 99.
50
Calculate the remainder when 326673 is divided by 176.
17
What is the remainder when 4912 is divided by 7?
5
Calculate the remainder when 98480 is divided by 3517.
4
Calculate the remainder when 9886 is divided by 131.
61
Calculate the remainder when 863896 is divided by 201.
199
What is the remainder when 5396 is divided by 897?
14
What is the remainder when 1984 is divided by 970?
44
Calculate the remainder when 944876 is divided by 51.
50
What is the remainder when 31705 is divided by 7926?
1
What is the remainder when 98656 is divided by 87?
85
Calculate the remainder when 1895 is divided by 313.
17
Calculate the remainder when 1932 is divided by 470.
52
What is the remainder when 19099 is divided by 19096?
3
Calculate the remainder when 23859 is divided by 699.
93
Calculate the remainder when 401 is divided by 382.
19
What is the remainder when 252192 is divided by 42021?
66
What is the remainder when 21697 is divided by 28?
25
Calculate the remainder when 10046 is divided by 115.
41
What is the remainder when 17417 is divided by 56?
1
What is the remainder when 43894 is divided by 354?
352
Calculate the remainder when 137 is divided by 66.
5
What is the remainder when 9645 is divided by 23?
8
Calculate the remainder when 482687 is divided by 72.
71
What is the remainder when 16078 is divided by 268?
266
Calculate the remainder when 11885 is divided by 764.
425
What is the remainder when 212696 is divided by 2874?
20
Calculate the remainder when 21461 is divided by 49.
48
What is the remainder when 10320 is divided by 692?
632
What is the remainder when 66935 is divided by 468?
11
Calculate the remainder when 53842 is divided by 26.
22
Calculate the remainder when 12654 is divided by 64.
46
What is the remainder when 6194 is divided by 880?
34
What is the remainder when 1138429 is divided by 1524?
1
What is the remainder when 10266 is divided by 2560?
26
What is the remainder when 42938 is divided by 67?
58
What is the remainder when 3361 is divided by 2598?
763
Calculate the remainder when 1497 is divided by 116.
105
What is the remainder when 68490 is divided by 250?
240
Calculate the remainder when 3268 is divided by 8.
4
What is the remainder when 10319 is divided by 448?
15
Calculate the remainder when 1461 is divided by 298.
269
Calculate the remainder when 28165 is divided by 210.
25
What is the remainder when 9712 is divided by 4856?
0
Calculate the remainder when 161883 is divided by 1132.
7
Calculate the remainder when 48025 is divided by 74.
73
Calculate the remainder when 480389 is divided by 53.
50
Calculate the remainder when 3940 is divided by 122.
36
What is the remainder when 7897 is divided by 3931?
35
What is the remainder when 590 is divided by 309?
281
What is the remainder when 19546 is divided by 17?
13
Calculate the remainder when 48642 is divided by 82.
16
Calculate the remainder when 58312 is divided by 58288.
24
Calculate the remainder when 142078 is divided by 714.
706
What is the remainder when 20734 is divided by 518?
14
Calculate the remainder when 948 is divided by 423.
102
What is the remainder when 105 is divided by 100?
5
What is the remainder when 72306 is divided by 24012?
270
What is the remainder when 12020 is divided by 481?
476
Calculate the remainder when 28507 is divided by 69.
10
What is the remainder when 59405 is divided by 41?
37
What is the remainder when 528 is divided by 28?
24
What is the remainder when 2786 is divided by 317?
250
Calculate the remainder when 22587 is divided by 22560.
27
What is the remainder when 55084 is divided by 90?
4
Calculate the remainder when 7409 is divided by 604.
161
Calculate the remainder when 37178 is divided by 27.
26
Calculate the remainder when 1370792 is divided by 85.
82
What is the remainder when 1432 is divided by 631?
170
Calculate the remainder when 1402 is divided by 46.
22
Calculate the remainder when 63333 is divided by 4221.
18
Calculate th